{"id":47581,"date":"2020-08-26T20:01:26","date_gmt":"2020-08-26T17:01:26","guid":{"rendered":"https:\/\/caep.ro\/work-and-travel\/?page_id=47581"},"modified":"2023-08-29T18:39:42","modified_gmt":"2023-08-29T15:39:42","slug":"inregistreaza-te","status":"publish","type":"page","link":"https:\/\/caep.ro\/work-and-travel\/inregistreaza-te","title":{"rendered":"\u00ceNREGISTREAZ\u0102-TE LA PROGRAMUL WORK AND TRAVEL!"},"content":{"rendered":"<section class=\"wpb-content-wrapper\"><p>[vc_row][vc_column][vc_empty_space height=&#8221;40px&#8221;][\/vc_column][\/vc_row][vc_row][vc_column width=&#8221;1\/2&#8243;][vc_column_text]<\/p>\n<h2>\u00cenregistreaz\u0103-te cu $ 100 Reducere!<\/h2>\n<p>[\/vc_column_text][vc_empty_space]<div class=\"shortcode-register-box \">\r\n    <div class=\"form-box\">\r\n        <form id=\"shortcode-register-box\" method=\"post\" action=\"https:\/\/caep.ro\/work-and-travel\/register\">\r\n            <input type=\"hidden\" name=\"data[exclude_education]\" value=\"0\">\r\n            <input type=\"hidden\" name=\"data[exclude_birthday]\" value=\"1\">\r\n            <input type=\"hidden\" name=\"data[exclude_email]\" value=\"1\">\r\n\r\n            <ul>\r\n                <li class=\"two-inputs\">\r\n                    <i class=\"icon-user\"><\/i>\r\n                    <span data-target=\"first_name\"><input placeholder=\"first name\"\r\n                                                          type=\"text\" name=\"data[first_name]\"\/>\r\n                            <span class=\"error-block\"><\/span>\r\n                            <\/span>\r\n                    <span data-target=\"last_name\" class=\"last\"><input\r\n                                placeholder=\"last name\"\r\n                                type=\"text\" name=\"data[last_name]\"\/>\r\n                            <span class=\"error-block\"><\/span>\r\n                            <\/span>\r\n                <\/li>\r\n                <li data-target=\"phone\">\r\n                    <i class=\"icon-phone\"><\/i>\r\n                            <div class=\"phone-input\">\r\n            <input id=\"phone_69d025bf6fef8\" placeholder=\"mobile\" class=\"phone\"                   type=\"tel\"\r\n                   name=\"data[phone]\"\r\n                   value=\"\"\/>\r\n        <\/div>\r\n        <script>\r\n            jQuery(document).ready(function ($) {\r\n                $(\"#phone_69d025bf6fef8\").CcPicker({\r\n                    countryID: '0',\r\n                    countryCode: 'RO',\r\n                    dataUrl: 'https:\/\/caep.ro\/work-and-travel\/countries\/json',\r\n                    countryIDFieldName: 'data[country]',\r\n                    dialCodeFieldName: 'phone_code',\r\n                    countryCodeFieldName: 'country_code',\r\n                    searchPlaceHolder: 'Search ...'\r\n                });\r\n            });\r\n        <\/script>\r\n                            <span class=\"error-block\"><\/span>\r\n                <\/li>\r\n                                                    <li data-target=\"education\">\r\n                        <i class=\"icon-graduation-cap\"><\/i>\r\n                        <select name=\"data[education]\" class=\"select2\" data-placeholder='university'><option selected='selected' value='0' >university<\/option><optgroup label='Bucure\u0219ti'><option  value='1' >Academia de Studii Economice<\/option><option  value='2' >Universitatea Bucuresti<\/option><option  value='6' >Universitatea Nationala de Stiinta si Tehnologie POLITEHNICA Bucuresti<\/option><option  value='16' >Universitatea Nationala de Educatie Fizica si Sport<\/option><option  value='21' >Universitatea Athenaeum<\/option><option  value='4' >Universitatea Crestina Dimitrie Cantemir<\/option><option  value='9' >Universitatea Romano Americana<\/option><option  value='78' >Universitatea Artifex<\/option><option  value='14' >Universitatea Nationala de Arte<\/option><option  value='19' >Universitatea Bioterra<\/option><option  value='7' >Scoala Nationala de Studii Politice si Administrative<\/option><option  value='12' >Universitatea de Arhitectura si Urbanism Ion Mincu<\/option><option  value='81' >Universitatea Nationala de Aparare Carol I<\/option><option  value='17' >Universitatea Nicolae Titulescu<\/option><option  value='22' >Universitatea Financiar Bancara<\/option><option  value='5' >Universitatea de Stiinte Agronomice si Medicina Veterinara Bucuresti<\/option><option  value='10' >Universitatea de Medicina si Farmacie Carol Davila<\/option><option  value='79' >Universitatea Nationala de Muzica<\/option><option  value='15' >Universitatea Nationala de Arta Teatrala si Cinematografica I L Caragiale<\/option><option  value='20' >Universitatea Romana de Stiinte si Arte Gheorghe Cristea<\/option><option  value='3' >Universitatea Ecologica<\/option><option  value='8' >Universitatea Titu Maiorescu<\/option><option  value='77' >Academia Tehnica Militara<\/option><option  value='13' >Universitatea Tehnica de Constructii<\/option><option  value='18' >Universitatea Hyperion<\/option><option  value='11' >Universitatea Spiru Haret Bucuresti<\/option><\/optgroup><optgroup label='Cluj'><option  value='31' >Universitatea de Stiinte Agricole si Medicina Veterinara Cluj<\/option><option  value='36' >Universitatea Bogdan Voda<\/option><option  value='34' >Academia de Muzica<\/option><option  value='49' >Universitatea Dimitrie Cantemir<\/option><option  value='32' >Universitatea Babes Bolyai<\/option><option  value='37' >Universitatea Avram Iancu<\/option><option  value='30' >Universitatea Tehnica Cluj<\/option><option  value='35' >Universitatea de Arta si Design<\/option><option  value='33' >Universitatea de Medicina si Farmacie Cluj<\/option><\/optgroup><optgroup label='Ia\u0219i'><option  value='26' >Universitatea de Medicina si Farmacie Iasi<\/option><option  value='24' >Universitatea de Stiinte Agricole si Medicina Veterinara Iasi<\/option><option  value='29' >Universitatea Apollonia<\/option><option  value='27' >Universitatea Mihail Kogalniceanu<\/option><option  value='25' >Universitatea Alexandru Ioan Cuza<\/option><option  value='23' >Universitatea Tehnica Gheorghe Asachi<\/option><option  value='28' >Universitatea Petre Andrei<\/option><option  value='38' >Universitatea National\u0103 de Arte George Enescu<\/option><\/optgroup><optgroup label='Timisoara'><option  value='41' >Universitatea de Vest Timisoara<\/option><option  value='39' >Universitatea Politehnica Timisoara<\/option><option  value='76' >Universitatea de Medicina si Farmacie Timisoara<\/option><option  value='42' >Universitatea Mihai Eminescu<\/option><option  value='40' >Universitatea de Stiinte Agricole si Medicina Veterinara Timisoara<\/option><option  value='43' >Universitatea Tibiscus<\/option><\/optgroup><optgroup label='Oradea'><option  value='68' >Universitatea Oradea<\/option><option  value='56' >Universitatea Petrol Gaze<\/option><option  value='57' >Universitatea Crestina Partium<\/option><option  value='55' >Universitatea Agora<\/option><\/optgroup><optgroup label='Constan\u021ba'><option  value='51' >Universitatea Maritima<\/option><option  value='52' >Universitatea Andrei Saguna<\/option><option  value='50' >Universitatea Ovidius<\/option><\/optgroup><optgroup label='Targu Mures'><option  value='48' >Universitatea de Arte<\/option><option  value='46' >Universitatea Petru Maior<\/option><option  value='47' >Universitatea de Medicina si Farmacie Targu Mures<\/option><\/optgroup><optgroup label='Bra\u0219ov'><option  value='53' >Universitatea Transilvania<\/option><option  value='54' >Universitatea George Baritiu<\/option><\/optgroup><optgroup label='Gala\u021bi'><option  value='58' >Universitatea Dunarea de Jos<\/option><option  value='59' >Universitatea Danubius<\/option><\/optgroup><optgroup label='Pitesti'><option  value='63' >Universitatea Constantin Brancoveanu<\/option><option  value='62' >Universitatea Pitesti<\/option><\/optgroup><optgroup label='Targu Jiu'><option  value='73' >Universitatea Constantin Brancusi<\/option><\/optgroup><optgroup label='Arad'><option  value='61' >Universitatea de Vest Arad<\/option><option  value='60' >Universitatea Aurel Vlaicu<\/option><\/optgroup><optgroup label='Alba Iulia'><option  value='66' >Universitatea 1 Decembrie 1918<\/option><\/optgroup><optgroup label='Suceava'><option  value='71' >Universitatea Stefan Cel Mare<\/option><\/optgroup><optgroup label='Craiova'><option  value='44' >Universitatea Craiova<\/option><option  value='45' >Universitatea de Medicina si Farmacie Craiova<\/option><\/optgroup><optgroup label='Sibiu'><option  value='64' >Universitatea Lucian Blaga<\/option><option  value='65' >Universitatea Romano Germana<\/option><\/optgroup><optgroup label='Petrosani'><option  value='69' >Universitatea Petrosani<\/option><\/optgroup><optgroup label='Bac\u0103u'><option  value='74' >Universitatea George Bacovia<\/option><option  value='67' >Universitatea Vasile Alecsandri<\/option><\/optgroup><optgroup label='Targoviste'><option  value='72' >Universitatea Valahia<\/option><\/optgroup><optgroup label='Resita'><option  value='70' >Universitatea Eftimie Murgu<\/option><\/optgroup><optgroup label='Lugoj'><option  value='75' >Universitatea Europeana Dragan<\/option><\/optgroup><optgroup label='Other'><option  value='80' >Other<\/option><\/optgroup><\/select>                        <span class=\"error-block\"><\/span>\r\n                    <\/li>\r\n                    <li data-target=\"current_study_year\">\r\n                        <select name=\"data[current_study_year]\" class=\"select2\" data-placeholder='study year'><option selected='selected' value='0'>study year<\/option><option  value='1' >First<\/option><option  value='2' >Second<\/option><option  value='3' >Third<\/option><option  value='4' >Fourth<\/option><option  value='5' >Fifth<\/option><option  value='6' >Sixth<\/option><option  value='-1' >Graduate<\/option><option  value='8' >Master 1<\/option><option  value='9' >Master 2<\/option><option  value='-2' >Master graduate<\/option><\/select>                        <span class=\"error-block\"><\/span>\r\n                    <\/li>\r\n                                                <li class=\"buttons\">\r\n                    <button type=\"submit\"\r\n                            class=\"nicdark_btn nicdark_btn_filter nicdark_bg_red\">VREAU DETALII \u0218I REDUCERE!<\/button>\r\n\r\n                <\/li>\r\n            <\/ul>\r\n            <div class=\"nicdark_space60\"><\/div>\r\n        <\/form>\r\n    <\/div>\r\n<\/div>\r\n<script>\r\n    jQuery(document).ready(function ($) {\r\n\r\n                ACCOUNT.addOnLoad(function () {\r\n\r\n\r\n            ACCOUNT.initShortCodeRegisterForm(\"#shortcode-register-box\", function () {\r\n                setTimeout(function () {\r\n\r\n                    window.location.href='https:\/\/caep.ro\/work-and-travel\/jobs';                }, 1200);\r\n            });\r\n        });\r\n            });\r\n<\/script>[\/vc_column][vc_column width=&#8221;1\/2&#8243;][vc_column_text]<\/p>\n<div>\n<p>Programul Work and Travel ofer\u0103 <span style=\"color: #3366ff\"><a style=\"color: #3366ff\" href=\"https:\/\/caep.ro\/work-and-travel\/jobs\" target=\"_blank\" rel=\"noopener noreferrer\">Joburi \u00een America<\/a><\/span> pentru studen\u021bii din Rom\u00e2nia. Este singura \u0219ans\u0103 s\u0103 c\u00e2\u0219tigi experien\u021b\u0103 \u0219i bani.<\/p>\n<p>&nbsp;<\/p>\n<p>Avem mai mult de 10 ani de experien\u021b\u0103 \u00een Programe de tipul Work And Travel \u0219i peste 750 de oferte de la 5 Sponsori. Vrem s\u0103 ajut\u0103m tinerii din Rom\u00e2nia s\u0103 aib\u0103 cea mai bun\u0103 experien\u021b\u0103. S\u0103 c\u0103l\u0103toreasc\u0103, s\u0103 munceasc\u0103 sau s\u0103 studieze \u00een Statele Unite ale Americii.<\/p>\n<p>&nbsp;<\/p>\n<h3 style=\"font-size: 20px\">\u00cenregistrarea la Work And Travel cu CAEP | Center For American Exchange Programs este simpl\u0103 ca 1, 2, 3:<\/h3>\n<p>&nbsp;<\/p>\n<p style=\"padding-left: 30px\"><strong>1.)<\/strong> Completezi Forma pentru o prezentare;<br \/>\n<strong>2.)<\/strong>\u00a0Te \u00eenscrii \u0219i noi \u00ee\u021bi preg\u0103tim cel mai bun CV;<br \/>\n<strong>3.)<\/strong>\u00a0\u00ce\u021bi alegi jobul dorit \u0219i pleci la Vara in USA!<\/p>\n<p>&nbsp;<\/p>\n<h3 style=\"font-size: 20px\">Este adevarat, cu noi este foarte simplu. Completeaz\u0103 forma \u0219i un Manager Work And Travel te va programa la o prezentare de Program.<\/h3>\n<\/div>\n<p>[\/vc_column_text][\/vc_column][\/vc_row][vc_row][vc_column][vc_empty_space height=&#8221;40px&#8221;][\/vc_column][\/vc_row]<\/p>\n<\/section>","protected":false},"excerpt":{"rendered":"<p>[vc_row][vc_column][vc_empty_space height=&#8221;40px&#8221;][\/vc_column][\/vc_row][vc_row][vc_column width=&#8221;1\/2&#8243;][vc_column_text] \u00cenregistreaz\u0103-te cu $ 100 Reducere! [\/vc_column_text][vc_empty_space][\/vc_column][vc_column width=&#8221;1\/2&#8243;][vc_column_text] Programul Work and Travel ofer\u0103 Joburi \u00een America pentru studen\u021bii din Rom\u00e2nia. Este singura \u0219ans\u0103 s\u0103 c\u00e2\u0219tigi experien\u021b\u0103 \u0219i bani. &nbsp; Avem mai mult de 10 ani de experien\u021b\u0103 \u00een Programe de tipul Work And Travel \u0219i peste 750 de oferte de la 5 Sponsori. &#8230;<\/p>\n","protected":false},"author":2,"featured_media":45969,"parent":0,"menu_order":0,"comment_status":"closed","ping_status":"closed","template":"","meta":{"footnotes":""},"class_list":["post-47581","page","type-page","status-publish","has-post-thumbnail","hentry"],"_links":{"self":[{"href":"https:\/\/caep.ro\/work-and-travel\/wp-json\/wp\/v2\/pages\/47581","targetHints":{"allow":["GET"]}}],"collection":[{"href":"https:\/\/caep.ro\/work-and-travel\/wp-json\/wp\/v2\/pages"}],"about":[{"href":"https:\/\/caep.ro\/work-and-travel\/wp-json\/wp\/v2\/types\/page"}],"author":[{"embeddable":true,"href":"https:\/\/caep.ro\/work-and-travel\/wp-json\/wp\/v2\/users\/2"}],"replies":[{"embeddable":true,"href":"https:\/\/caep.ro\/work-and-travel\/wp-json\/wp\/v2\/comments?post=47581"}],"version-history":[{"count":3,"href":"https:\/\/caep.ro\/work-and-travel\/wp-json\/wp\/v2\/pages\/47581\/revisions"}],"predecessor-version":[{"id":48694,"href":"https:\/\/caep.ro\/work-and-travel\/wp-json\/wp\/v2\/pages\/47581\/revisions\/48694"}],"wp:featuredmedia":[{"embeddable":true,"href":"https:\/\/caep.ro\/work-and-travel\/wp-json\/wp\/v2\/media\/45969"}],"wp:attachment":[{"href":"https:\/\/caep.ro\/work-and-travel\/wp-json\/wp\/v2\/media?parent=47581"}],"curies":[{"name":"wp","href":"https:\/\/api.w.org\/{rel}","templated":true}]}}