{"id":45404,"date":"2016-12-21T19:36:37","date_gmt":"2016-12-21T17:36:37","guid":{"rendered":"https:\/\/caep.ro\/work-and-travel\/?page_id=45404"},"modified":"2021-12-07T17:05:42","modified_gmt":"2021-12-07T15:05:42","slug":"sponsors-and-partners","status":"publish","type":"page","link":"https:\/\/caep.ro\/work-and-travel\/sponsors-and-partners","title":{"rendered":"SPONSORS AND PARTNERS"},"content":{"rendered":"<section class=\"wpb-content-wrapper\"><p>[vc_row][vc_column][vc_empty_space height=&#8221;40px&#8221;][\/vc_column][\/vc_row][vc_row][vc_column]<div class=\"nicdark_masonry_container 0\">\n\n    <div style=\"box-sizing:border-box;\" class=\"grid grid_4 percentage nicdark_padding10 nicdark_masonry_item  sponsors-and-partners \">\n      \n\n        <div class=\"nicdark_textevidence nicdark_bg_orange\">\n            <h4 class=\"white nicdark_margin20\">CHI Cultural Homestay International<\/h4>\n        <\/div>\n        <div class=\"nicdark_featured_image\"><img decoding=\"async\" alt=\"\" src=\"https:\/\/caep.ro\/work-and-travel\/wp-content\/uploads\/2016\/12\/CHI_USA-1200x628.jpg\"><\/div>\n        <div class=\"nicdark_focus nicdark_border_grey nicdark_sizing nicdark_padding20\">\n            <p>Non-profit exchange organization founded in 1980 by Tom and Lilka Areton<\/p>\n            <div class=\"nicdark_space20\"><\/div>\n            <a class=\"nicdark_btn nicdark_press nicdark_bg_orange white medium  \" href=\"https:\/\/caep.ro\/work-and-travel\/chi-work-and-travel\">READ MORE<\/a>\n        <\/div>\n\n      \n    <\/div>\n\n\n\n    <div style=\"box-sizing:border-box;\" class=\"grid grid_4 percentage nicdark_padding10 nicdark_masonry_item  sponsors-and-partners \">\n      \n\n        <div class=\"nicdark_textevidence nicdark_bg_orange\">\n            <h4 class=\"white nicdark_margin20\">40 ACTS OF KINDNESS<\/h4>\n        <\/div>\n        <div class=\"nicdark_featured_image\"><img decoding=\"async\" alt=\"\" src=\"https:\/\/caep.ro\/work-and-travel\/wp-content\/uploads\/2020\/03\/40-Acts-1200x628.jpg\"><\/div>\n        <div class=\"nicdark_focus nicdark_border_grey nicdark_sizing nicdark_padding20\">\n            <p>CHI Cultural Homestay International 40 Acts of Kindness<\/p>\n            <div class=\"nicdark_space20\"><\/div>\n            <a class=\"nicdark_btn nicdark_press nicdark_bg_orange white medium  \" href=\"https:\/\/caep.ro\/work-and-travel\/40-acts-kindness\">READ MORE<\/a>\n        <\/div>\n\n      \n    <\/div>\n\n\n\n    <div style=\"box-sizing:border-box;\" class=\"grid grid_4 percentage nicdark_padding10 nicdark_masonry_item  sponsors-and-partners \">\n      \n\n        <div class=\"nicdark_textevidence nicdark_bg_orange\">\n            <h4 class=\"white nicdark_margin20\">GEOVISIONS<\/h4>\n        <\/div>\n        <div class=\"nicdark_featured_image\"><img decoding=\"async\" alt=\"\" src=\"https:\/\/caep.ro\/work-and-travel\/wp-content\/uploads\/2013\/06\/GEOVISIONS_Work_And_Travel-1200x630.jpg\"><\/div>\n        <div class=\"nicdark_focus nicdark_border_grey nicdark_sizing nicdark_padding20\">\n            <p>At GeoVisions, our values are foundational to who we are and how we serve<\/p>\n            <div class=\"nicdark_space20\"><\/div>\n            <a class=\"nicdark_btn nicdark_press nicdark_bg_orange white medium  \" href=\"https:\/\/caep.ro\/work-and-travel\/geovisions-work-and-travel\">READ MORE<\/a>\n        <\/div>\n\n      \n    <\/div>\n\n\n\n    <div style=\"box-sizing:border-box;\" class=\"grid grid_4 percentage nicdark_padding10 nicdark_masonry_item  sponsors-and-partners \">\n      \n\n        <div class=\"nicdark_textevidence nicdark_bg_orange\">\n            <h4 class=\"white nicdark_margin20\">CICD Center for International Career<\/h4>\n        <\/div>\n        <div class=\"nicdark_featured_image\"><img decoding=\"async\" alt=\"\" src=\"https:\/\/caep.ro\/work-and-travel\/wp-content\/uploads\/2020\/04\/Center-for-International-Career-Development-1200x630.jpg\"><\/div>\n        <div class=\"nicdark_focus nicdark_border_grey nicdark_sizing nicdark_padding20\">\n            <p>We are a U.S. Department of State designated J-1 Visa sponsor for the Summer Work Travel<\/p>\n            <div class=\"nicdark_space20\"><\/div>\n            <a class=\"nicdark_btn nicdark_press nicdark_bg_orange white medium  \" href=\"https:\/\/caep.ro\/work-and-travel\/cicd-work-and-travel\">READ MORE<\/a>\n        <\/div>\n\n      \n    <\/div>\n\n\n\n    <div style=\"box-sizing:border-box;\" class=\"grid grid_4 percentage nicdark_padding10 nicdark_masonry_item  sponsors-and-partners \">\n      \n\n        <div class=\"nicdark_textevidence nicdark_bg_orange\">\n            <h4 class=\"white nicdark_margin20\">UNITED WORK AND TARVEL<\/h4>\n        <\/div>\n        <div class=\"nicdark_featured_image\"><img decoding=\"async\" alt=\"\" src=\"https:\/\/caep.ro\/work-and-travel\/wp-content\/uploads\/2013\/06\/United-Work-And-Travel-1200x630.jpg\"><\/div>\n        <div class=\"nicdark_focus nicdark_border_grey nicdark_sizing nicdark_padding20\">\n            <p>United Work and Travel, A Division of American Pool Enterprises, Inc<\/p>\n            <div class=\"nicdark_space20\"><\/div>\n            <a class=\"nicdark_btn nicdark_press nicdark_bg_orange white medium  \" href=\"https:\/\/caep.ro\/work-and-travel\/united-work-and-travel\">READ MORE<\/a>\n        <\/div>\n\n      \n    <\/div>\n\n\n\n    <div style=\"box-sizing:border-box;\" class=\"grid grid_4 percentage nicdark_padding10 nicdark_masonry_item  sponsors-and-partners \">\n      \n\n        <div class=\"nicdark_textevidence nicdark_bg_orange\">\n            <h4 class=\"white nicdark_margin20\">GEC Global Educational Concepts<\/h4>\n        <\/div>\n        <div class=\"nicdark_featured_image\"><img decoding=\"async\" alt=\"\" src=\"https:\/\/caep.ro\/work-and-travel\/wp-content\/uploads\/2020\/04\/GEC_Work_And_Travel-1200x630.jpg\"><\/div>\n        <div class=\"nicdark_focus nicdark_border_grey nicdark_sizing nicdark_padding20\">\n            <p>We have experience working directly with thousands of international students<\/p>\n            <div class=\"nicdark_space20\"><\/div>\n            <a class=\"nicdark_btn nicdark_press nicdark_bg_orange white medium  \" href=\"https:\/\/caep.ro\/work-and-travel\/gec-work-and-travel\">READ MORE<\/a>\n        <\/div>\n\n      \n    <\/div>\n\n\n\n    <div style=\"box-sizing:border-box;\" class=\"grid grid_4 percentage nicdark_padding10 nicdark_masonry_item  sponsors-and-partners \">\n      \n\n        <div class=\"nicdark_textevidence nicdark_bg_orange\">\n            <h4 class=\"white nicdark_margin20\">WISIE The Foundation for Worldwide<\/h4>\n        <\/div>\n        <div class=\"nicdark_featured_image\"><img decoding=\"async\" alt=\"\" src=\"https:\/\/caep.ro\/work-and-travel\/wp-content\/uploads\/2020\/04\/WISE_Work_And_Travel-1200x630.jpg\"><\/div>\n        <div class=\"nicdark_focus nicdark_border_grey nicdark_sizing nicdark_padding20\">\n            <p>We are a non-profit organization providing international exchange opportunities<\/p>\n            <div class=\"nicdark_space20\"><\/div>\n            <a class=\"nicdark_btn nicdark_press nicdark_bg_orange white medium  \" href=\"https:\/\/caep.ro\/work-and-travel\/wisie-work-and-tarvel\">READ MORE<\/a>\n        <\/div>\n\n      \n    <\/div>\n\n\n\n    <div style=\"box-sizing:border-box;\" class=\"grid grid_4 percentage nicdark_padding10 nicdark_masonry_item  sponsors-and-partners \">\n      \n\n        <div class=\"nicdark_textevidence nicdark_bg_orange\">\n            <h4 class=\"white nicdark_margin20\">Departamentu de Stat American<\/h4>\n        <\/div>\n        <div class=\"nicdark_featured_image\"><img decoding=\"async\" alt=\"\" src=\"https:\/\/caep.ro\/work-and-travel\/wp-content\/uploads\/2013\/11\/us-department-of-state-1200x631.jpg\"><\/div>\n        <div class=\"nicdark_focus nicdark_border_grey nicdark_sizing nicdark_padding20\">\n            <p>\u00cen fiecare an, studen\u0163ii descoper\u0103 Statele Unite \u015fi au parte de o var\u0103 tr\u0103it\u0103 \u00een stil american<\/p>\n            <div class=\"nicdark_space20\"><\/div>\n            <a class=\"nicdark_btn nicdark_press nicdark_bg_orange white medium  \" href=\"https:\/\/caep.ro\/work-and-travel\/declaratiile-departamentului-de-stat-american\">READ MORE<\/a>\n        <\/div>\n\n      \n    <\/div>\n\n\n\n    <div style=\"box-sizing:border-box;\" class=\"grid grid_4 percentage nicdark_padding10 nicdark_masonry_item  sponsors-and-partners \">\n      \n\n        <div class=\"nicdark_textevidence nicdark_bg_orange\">\n            <h4 class=\"white nicdark_margin20\">WYSTC, Member since 2015<\/h4>\n        <\/div>\n        <div class=\"nicdark_featured_image\"><img decoding=\"async\" alt=\"\" src=\"https:\/\/caep.ro\/work-and-travel\/wp-content\/uploads\/2016\/06\/IPI_5481-1-1200x628.jpg\"><\/div>\n        <div class=\"nicdark_focus nicdark_border_grey nicdark_sizing nicdark_padding20\">\n            <p>WYSTC, afla mai multe despre industria turismului educa\u021bional<\/p>\n            <div class=\"nicdark_space20\"><\/div>\n            <a class=\"nicdark_btn nicdark_press nicdark_bg_orange white medium  \" href=\"https:\/\/caep.ro\/work-and-travel\/wystc\">READ MORE<\/a>\n        <\/div>\n\n      \n    <\/div>\n\n<\/div>[\/vc_column][\/vc_row][vc_row][vc_column][vc_empty_space height=&#8221;40px&#8221;][\/vc_column][\/vc_row]<\/p>\n<\/section>","protected":false},"excerpt":{"rendered":"<p>[vc_row][vc_column][vc_empty_space height=&#8221;40px&#8221;][\/vc_column][\/vc_row][vc_row][vc_column][\/vc_column][\/vc_row][vc_row][vc_column][vc_empty_space height=&#8221;40px&#8221;][\/vc_column][\/vc_row]<\/p>\n","protected":false},"author":2,"featured_media":45539,"parent":0,"menu_order":0,"comment_status":"closed","ping_status":"closed","template":"","meta":{"footnotes":""},"class_list":["post-45404","page","type-page","status-publish","has-post-thumbnail","hentry"],"_links":{"self":[{"href":"https:\/\/caep.ro\/work-and-travel\/wp-json\/wp\/v2\/pages\/45404","targetHints":{"allow":["GET"]}}],"collection":[{"href":"https:\/\/caep.ro\/work-and-travel\/wp-json\/wp\/v2\/pages"}],"about":[{"href":"https:\/\/caep.ro\/work-and-travel\/wp-json\/wp\/v2\/types\/page"}],"author":[{"embeddable":true,"href":"https:\/\/caep.ro\/work-and-travel\/wp-json\/wp\/v2\/users\/2"}],"replies":[{"embeddable":true,"href":"https:\/\/caep.ro\/work-and-travel\/wp-json\/wp\/v2\/comments?post=45404"}],"version-history":[{"count":4,"href":"https:\/\/caep.ro\/work-and-travel\/wp-json\/wp\/v2\/pages\/45404\/revisions"}],"predecessor-version":[{"id":47065,"href":"https:\/\/caep.ro\/work-and-travel\/wp-json\/wp\/v2\/pages\/45404\/revisions\/47065"}],"wp:featuredmedia":[{"embeddable":true,"href":"https:\/\/caep.ro\/work-and-travel\/wp-json\/wp\/v2\/media\/45539"}],"wp:attachment":[{"href":"https:\/\/caep.ro\/work-and-travel\/wp-json\/wp\/v2\/media?parent=45404"}],"curies":[{"name":"wp","href":"https:\/\/api.w.org\/{rel}","templated":true}]}}