{"id":42560,"date":"2016-04-27T08:08:46","date_gmt":"2016-04-27T05:08:46","guid":{"rendered":"https:\/\/caep.ro\/work-and-travel\/?page_id=42560"},"modified":"2021-09-26T01:31:37","modified_gmt":"2021-09-25T22:31:37","slug":"ghid","status":"publish","type":"page","link":"https:\/\/caep.ro\/work-and-travel\/ghid","title":{"rendered":"GHIDUL WORK AND TRAVEL"},"content":{"rendered":"<section class=\"wpb-content-wrapper\"><p>[vc_row][vc_column][vc_empty_space height=&#8221;40px&#8221;]<div class=\"nicdark_masonry_container 0\">\n\n    <div style=\"box-sizing:border-box;\" class=\"grid grid_4 percentage nicdark_padding10 nicdark_masonry_item  ghid \">\n      \n\n        <div class=\"nicdark_textevidence nicdark_bg_greydark\">\n            <h4 class=\"white nicdark_margin20\">BENEFICII \u0218I AVANTAJE<\/h4>\n        <\/div>\n        <div class=\"nicdark_featured_image\"><img decoding=\"async\" alt=\"\" src=\"https:\/\/caep.ro\/work-and-travel\/wp-content\/uploads\/2016\/05\/Work-Travel.jpg\"><\/div>\n        <div class=\"nicdark_focus nicdark_border_grey nicdark_sizing nicdark_padding20\">\n            <p>Pentru c\u0103 este greu s\u0103 iei dezia de a te \u00eenscrie la programul Work And Travel \u0219i s\u0103 c\u0103l\u0103tore\u0219ti \u00een America, noi vrem s\u0103 te convingem cu cele 10<\/p>\n            <div class=\"nicdark_space20\"><\/div>\n            <a class=\"nicdark_btn nicdark_press nicdark_bg_greydark white medium  \" href=\"https:\/\/caep.ro\/work-and-travel\/beneficii-avantaje\">READ MORE<\/a>\n        <\/div>\n\n      \n    <\/div>\n\n\n\n    <div style=\"box-sizing:border-box;\" class=\"grid grid_4 percentage nicdark_padding10 nicdark_masonry_item  ghid \">\n      \n\n        <div class=\"nicdark_textevidence nicdark_bg_red\">\n            <h4 class=\"white nicdark_margin20\">CERE UN PRE\u021a MIC<\/h4>\n        <\/div>\n        <div class=\"nicdark_featured_image\"><img decoding=\"async\" alt=\"\" src=\"https:\/\/caep.ro\/work-and-travel\/wp-content\/uploads\/2016\/05\/cere-pret-mic-1200x630.jpg\"><\/div>\n        <div class=\"nicdark_focus nicdark_border_grey nicdark_sizing nicdark_padding20\">\n            <p>Noi \u015ftim c\u00e2t este de dificil din punct de vedere financiar pentru un student s\u0103 participe la program! Anume din acest motiv vrem s\u0103 te<\/p>\n            <div class=\"nicdark_space20\"><\/div>\n            <a class=\"nicdark_btn nicdark_press nicdark_bg_red white medium  \" href=\"https:\/\/caep.ro\/work-and-travel\/pret\">READ MORE<\/a>\n        <\/div>\n\n      \n    <\/div>\n\n\n\n    <div style=\"box-sizing:border-box;\" class=\"grid grid_4 percentage nicdark_padding10 nicdark_masonry_item  ghid \">\n      \n\n        <div class=\"nicdark_textevidence nicdark_bg_orange\">\n            <h4 class=\"white nicdark_margin20\">CRITERIILE DE ELIGIBILITATE<\/h4>\n        <\/div>\n        <div class=\"nicdark_featured_image\"><img decoding=\"async\" alt=\"\" src=\"https:\/\/caep.ro\/work-and-travel\/wp-content\/uploads\/2016\/05\/Criterii-Work-And-Travel.jpg\"><\/div>\n        <div class=\"nicdark_focus nicdark_border_grey nicdark_sizing nicdark_padding20\">\n            <p>Programul Work And Travel a fost creat de Departamentul de Stat al Statelor Unite ale Americii pentru a oferi studen\u021bilor din \u00eentreaga<\/p>\n            <div class=\"nicdark_space20\"><\/div>\n            <a class=\"nicdark_btn nicdark_press nicdark_bg_orange white medium  \" href=\"https:\/\/caep.ro\/work-and-travel\/criterii-eligibilitate\">READ MORE<\/a>\n        <\/div>\n\n      \n    <\/div>\n\n\n\n    <div style=\"box-sizing:border-box;\" class=\"grid grid_4 percentage nicdark_padding10 nicdark_masonry_item  ghid \">\n      \n\n        <div class=\"nicdark_textevidence nicdark_bg_yellow\">\n            <h4 class=\"white nicdark_margin20\">PL\u0102TE\u0218TI C\u00c2ND TE \u00ceNTORCI!<\/h4>\n        <\/div>\n        <div class=\"nicdark_featured_image\"><img decoding=\"async\" alt=\"\" src=\"https:\/\/caep.ro\/work-and-travel\/wp-content\/uploads\/2016\/05\/Work-And-Travel-Credit.jpg\"><\/div>\n        <div class=\"nicdark_focus nicdark_border_grey nicdark_sizing nicdark_padding20\">\n            <p>PE LOCURI, FII GATA...START! Noi si BRD am creat pentru tine Creditul Work And Travel. Acesta este creat pentru a raspunde cerintelor<\/p>\n            <div class=\"nicdark_space20\"><\/div>\n            <a class=\"nicdark_btn nicdark_press nicdark_bg_yellow white medium  \" href=\"https:\/\/caep.ro\/work-and-travel\/credit\">READ MORE<\/a>\n        <\/div>\n\n      \n    <\/div>\n\n\n\n    <div style=\"box-sizing:border-box;\" class=\"grid grid_4 percentage nicdark_padding10 nicdark_masonry_item  ghid \">\n      \n\n        <div class=\"nicdark_textevidence nicdark_bg_blue\">\n            <h4 class=\"white nicdark_margin20\">C\u00c2T COST\u0102 \u00ceNSCRIEREA<\/h4>\n        <\/div>\n        <div class=\"nicdark_featured_image\"><img decoding=\"async\" alt=\"\" src=\"https:\/\/caep.ro\/work-and-travel\/wp-content\/uploads\/2016\/05\/Work-And-Travel-\u00censcrierea.jpg\"><\/div>\n        <div class=\"nicdark_focus nicdark_border_grey nicdark_sizing nicdark_padding20\">\n            <p>Vino s\u0103 te \u00eenscrii le programul Work And Travel \u00een oficiul CAEP | Center For American Exchange Programs. \u00censcrierea este Simpl\u0103, Rapid\u0103<\/p>\n            <div class=\"nicdark_space20\"><\/div>\n            <a class=\"nicdark_btn nicdark_press nicdark_bg_blue white medium  \" href=\"https:\/\/caep.ro\/work-and-travel\/cat-costa-inscrierea\">READ MORE<\/a>\n        <\/div>\n\n      \n    <\/div>\n\n\n\n    <div style=\"box-sizing:border-box;\" class=\"grid grid_4 percentage nicdark_padding10 nicdark_masonry_item  ghid \">\n      \n\n        <div class=\"nicdark_textevidence nicdark_bg_green\">\n            <h4 class=\"white nicdark_margin20\">CAEP HELP PROGRAM<\/h4>\n        <\/div>\n        <div class=\"nicdark_featured_image\"><img decoding=\"async\" alt=\"\" src=\"https:\/\/caep.ro\/work-and-travel\/wp-content\/uploads\/2016\/05\/caep-help-1200x900.jpg\"><\/div>\n        <div class=\"nicdark_focus nicdark_border_grey nicdark_sizing nicdark_padding20\">\n            <p>Noi suntem unica companie care am creat dou\u0103 modalit\u0103\u021bi de finan\u021bare a programului Work And Travel. Vrem s\u0103 te ajut\u0103m<\/p>\n            <div class=\"nicdark_space20\"><\/div>\n            <a class=\"nicdark_btn nicdark_press nicdark_bg_green white medium  \" href=\"https:\/\/caep.ro\/work-and-travel\/caep-help-si-tax-recycle\">READ MORE<\/a>\n        <\/div>\n\n      \n    <\/div>\n\n\n\n    <div style=\"box-sizing:border-box;\" class=\"grid grid_4 percentage nicdark_padding10 nicdark_masonry_item  ghid \">\n      \n\n        <div class=\"nicdark_textevidence nicdark_bg_violet\">\n            <h4 class=\"white nicdark_margin20\">ETAPELE PROGRAMULUI<\/h4>\n        <\/div>\n        <div class=\"nicdark_featured_image\"><img decoding=\"async\" alt=\"\" src=\"https:\/\/caep.ro\/work-and-travel\/wp-content\/uploads\/2016\/05\/Work_And_Travel_Etape-1200x950.jpg\"><\/div>\n        <div class=\"nicdark_focus nicdark_border_grey nicdark_sizing nicdark_padding20\">\n            <p>Etapele programului Work And Travel te ajut\u0103 s\u0103 te organizezi, dar totodat\u0103 s\u0103 \u00een\u0163elegi foarte bine \u015fi s\u0103 te preg\u0103te\u015fti pas cu pas<\/p>\n            <div class=\"nicdark_space20\"><\/div>\n            <a class=\"nicdark_btn nicdark_press nicdark_bg_violet white medium  \" href=\"https:\/\/caep.ro\/work-and-travel\/etape\">READ MORE<\/a>\n        <\/div>\n\n      \n    <\/div>\n\n\n\n    <div style=\"box-sizing:border-box;\" class=\"grid grid_4 percentage nicdark_padding10 nicdark_masonry_item  ghid \">\n      \n\n        <div class=\"nicdark_textevidence nicdark_bg_greydark\">\n            <h4 class=\"white nicdark_margin20\">DOCUMENTE NECESARE<\/h4>\n        <\/div>\n        <div class=\"nicdark_featured_image\"><img decoding=\"async\" alt=\"\" src=\"https:\/\/caep.ro\/work-and-travel\/wp-content\/uploads\/2017\/02\/Work_And_Travel_Documente-1200x901.jpg\"><\/div>\n        <div class=\"nicdark_focus nicdark_border_grey nicdark_sizing nicdark_padding20\">\n            <p>Programul Work And Travel presupune \u015fi completarea unui dosar cu lista de acte necesare pentru participare. Acest dosar \u00eel<\/p>\n            <div class=\"nicdark_space20\"><\/div>\n            <a class=\"nicdark_btn nicdark_press nicdark_bg_greydark white medium  \" href=\"https:\/\/caep.ro\/work-and-travel\/documente-necesare\">READ MORE<\/a>\n        <\/div>\n\n      \n    <\/div>\n\n\n\n    <div style=\"box-sizing:border-box;\" class=\"grid grid_4 percentage nicdark_padding10 nicdark_masonry_item  ghid \">\n      \n\n        <div class=\"nicdark_textevidence nicdark_bg_red\">\n            <h4 class=\"white nicdark_margin20\">FACTORI DE SUCCES<\/h4>\n        <\/div>\n        <div class=\"nicdark_featured_image\"><img decoding=\"async\" alt=\"\" src=\"https:\/\/caep.ro\/work-and-travel\/wp-content\/uploads\/2016\/05\/28899363330_0ce168a7fc_b.jpg\"><\/div>\n        <div class=\"nicdark_focus nicdark_border_grey nicdark_sizing nicdark_padding20\">\n            <p>Pentru o desf\u0103\u0219urare optim\u0103 a programului Work And Travel, \u00ee\u021bi ata\u0219\u0103m factorii de succes care i-au ajutat pe participan\u021bii no\u0219tri s\u0103 aib\u0103<\/p>\n            <div class=\"nicdark_space20\"><\/div>\n            <a class=\"nicdark_btn nicdark_press nicdark_bg_red white medium  \" href=\"https:\/\/caep.ro\/work-and-travel\/factori-de-succes-2\">READ MORE<\/a>\n        <\/div>\n\n      \n    <\/div>\n\n\n\n    <div style=\"box-sizing:border-box;\" class=\"grid grid_4 percentage nicdark_padding10 nicdark_masonry_item  ghid \">\n      \n\n        <div class=\"nicdark_textevidence nicdark_bg_yellow\">\n            <h4 class=\"white nicdark_margin20\">T\u00c2RGUL LOCURILOR DE MUNC\u0102<\/h4>\n        <\/div>\n        <div class=\"nicdark_featured_image\"><img decoding=\"async\" alt=\"\" src=\"https:\/\/caep.ro\/work-and-travel\/wp-content\/uploads\/2016\/05\/C-EI-PH-A-Job-opportunities-for-students-scaled-1.jpg\"><\/div>\n        <div class=\"nicdark_focus nicdark_border_grey nicdark_sizing nicdark_padding20\">\n            <p>Una dintre etapele programului Work and Travel va fi interviul de angajare. Astfel, interviul va fi ori pe Skype ori la un t\u00e2rg de joburi<\/p>\n            <div class=\"nicdark_space20\"><\/div>\n            <a class=\"nicdark_btn nicdark_press nicdark_bg_yellow white medium  \" href=\"https:\/\/caep.ro\/work-and-travel\/targul-locurilor-de-munca\">READ MORE<\/a>\n        <\/div>\n\n      \n    <\/div>\n\n\n\n    <div style=\"box-sizing:border-box;\" class=\"grid grid_4 percentage nicdark_padding10 nicdark_masonry_item  ghid \">\n      \n\n        <div class=\"nicdark_textevidence nicdark_bg_blue\">\n            <h4 class=\"white nicdark_margin20\">JOB OFFER SELF ARRANGE<\/h4>\n        <\/div>\n        <div class=\"nicdark_featured_image\"><img decoding=\"async\" alt=\"\" src=\"https:\/\/caep.ro\/work-and-travel\/wp-content\/uploads\/2016\/03\/how-to-organize-your-life.jpg\"><\/div>\n        <div class=\"nicdark_focus nicdark_border_grey nicdark_sizing nicdark_padding20\">\n            <p>Self Arrange reprezint\u0103 o modalitate de participare la programul Work and Travel, cu ajutorul unei oferte de munc\u0103 primit\u0103 direct de<\/p>\n            <div class=\"nicdark_space20\"><\/div>\n            <a class=\"nicdark_btn nicdark_press nicdark_bg_blue white medium  \" href=\"https:\/\/caep.ro\/work-and-travel\/work-travel-self-arange\">READ MORE<\/a>\n        <\/div>\n\n      \n    <\/div>\n\n\n\n    <div style=\"box-sizing:border-box;\" class=\"grid grid_4 percentage nicdark_padding10 nicdark_masonry_item  ghid \">\n      \n\n        <div class=\"nicdark_textevidence nicdark_bg_green\">\n            <h4 class=\"white nicdark_margin20\">TIPURI DE JOBURI<\/h4>\n        <\/div>\n        <div class=\"nicdark_featured_image\"><img decoding=\"async\" alt=\"\" src=\"https:\/\/caep.ro\/work-and-travel\/wp-content\/uploads\/2017\/02\/Work_And_Travel_Angajatori-1200x901.jpg\"><\/div>\n        <div class=\"nicdark_focus nicdark_border_grey nicdark_sizing nicdark_padding20\">\n            <p>CAEP | Center For American Exchange Programs te preg\u0103te\u015fte pentru o var\u0103 fenomenal\u0103 \u00een SUA. Iar pentru ca vara ta s\u0103 fie<\/p>\n            <div class=\"nicdark_space20\"><\/div>\n            <a class=\"nicdark_btn nicdark_press nicdark_bg_green white medium  \" href=\"https:\/\/caep.ro\/work-and-travel\/work-and-travel-angajatori\">READ MORE<\/a>\n        <\/div>\n\n      \n    <\/div>\n\n\n\n    <div style=\"box-sizing:border-box;\" class=\"grid grid_4 percentage nicdark_padding10 nicdark_masonry_item  ghid \">\n      \n\n        <div class=\"nicdark_textevidence nicdark_bg_violet\">\n            <h4 class=\"white nicdark_margin20\">CE \u00ceNSEAMN\u0102 \u0218I CUM ALEGI UN JOB BUN<\/h4>\n        <\/div>\n        <div class=\"nicdark_featured_image\"><img decoding=\"async\" alt=\"\" src=\"https:\/\/caep.ro\/work-and-travel\/wp-content\/uploads\/2016\/05\/job-select-work-and-travel-1200x900.jpg\"><\/div>\n        <div class=\"nicdark_focus nicdark_border_grey nicdark_sizing nicdark_padding20\">\n            <p>Joburile oferite de programul Work And Travel nu necesit\u0103 studii suplimentare sau experien\u0163\u0103 de munc\u0103. \u015ei tu po\u0163i avea un job \u00een parcuri<\/p>\n            <div class=\"nicdark_space20\"><\/div>\n            <a class=\"nicdark_btn nicdark_press nicdark_bg_violet white medium  \" href=\"https:\/\/caep.ro\/work-and-travel\/programul-work-and-travel\">READ MORE<\/a>\n        <\/div>\n\n      \n    <\/div>\n\n\n\n    <div style=\"box-sizing:border-box;\" class=\"grid grid_4 percentage nicdark_padding10 nicdark_masonry_item  ghid \">\n      \n\n        <div class=\"nicdark_textevidence nicdark_bg_greydark\">\n            <h4 class=\"white nicdark_margin20\">CUM \u00ceNREGISTREZI UN VIDEO CV<\/h4>\n        <\/div>\n        <div class=\"nicdark_featured_image\"><img decoding=\"async\" alt=\"\" src=\"https:\/\/caep.ro\/work-and-travel\/wp-content\/uploads\/2020\/08\/video-cv.jpg\"><\/div>\n        <div class=\"nicdark_focus nicdark_border_grey nicdark_sizing nicdark_padding20\">\n            <p>Pentru a ie\u015fi \u00een eviden\u0163\u0103 \u00een fa\u0163a poten\u0163ialilor angajatori, e binevenit un Video CV care s\u0103 te pun\u0103 \u00een valoare!<\/p>\n            <div class=\"nicdark_space20\"><\/div>\n            <a class=\"nicdark_btn nicdark_press nicdark_bg_greydark white medium  \" href=\"https:\/\/caep.ro\/work-and-travel\/cum-inregistrezi-un-video-cv\">READ MORE<\/a>\n        <\/div>\n\n      \n    <\/div>\n\n\n\n    <div style=\"box-sizing:border-box;\" class=\"grid grid_4 percentage nicdark_padding10 nicdark_masonry_item  ghid \">\n      \n\n        <div class=\"nicdark_textevidence nicdark_bg_red\">\n            <h4 class=\"white nicdark_margin20\">CUM SCRII UN CV CONVING\u0102TOR<\/h4>\n        <\/div>\n        <div class=\"nicdark_featured_image\"><img decoding=\"async\" alt=\"\" src=\"https:\/\/caep.ro\/work-and-travel\/wp-content\/uploads\/2016\/05\/CV_work_and_travel.jpg\"><\/div>\n        <div class=\"nicdark_focus nicdark_border_grey nicdark_sizing nicdark_padding20\">\n            <p>Participarea la programul Work and Travel \u00eencepe cu complectarea CV-ului. Despre cum scrii un CV po\u0163i \u00eentreba Managerul t\u0103u de<\/p>\n            <div class=\"nicdark_space20\"><\/div>\n            <a class=\"nicdark_btn nicdark_press nicdark_bg_red white medium  \" href=\"https:\/\/caep.ro\/work-and-travel\/cum-scrii-un-cv\">READ MORE<\/a>\n        <\/div>\n\n      \n    <\/div>\n\n\n\n    <div style=\"box-sizing:border-box;\" class=\"grid grid_4 percentage nicdark_padding10 nicdark_masonry_item  ghid \">\n      \n\n        <div class=\"nicdark_textevidence nicdark_bg_orange\">\n            <h4 class=\"white nicdark_margin20\">CUM S\u0102 TRECI INTERVIUL DE ANGAJARE<\/h4>\n        <\/div>\n        <div class=\"nicdark_featured_image\"><img decoding=\"async\" alt=\"\" src=\"https:\/\/caep.ro\/work-and-travel\/wp-content\/uploads\/2016\/05\/interview-1200x900.jpg\"><\/div>\n        <div class=\"nicdark_focus nicdark_border_grey nicdark_sizing nicdark_padding20\">\n            <p>Interviul prin Skype cu angajatorul reprezint\u0103 o etap\u0103 foarte important\u0103 \u00een alegerea jobului. De\u015fi pare a fi o procedur\u0103 simpl\u0103, acesta<\/p>\n            <div class=\"nicdark_space20\"><\/div>\n            <a class=\"nicdark_btn nicdark_press nicdark_bg_orange white medium  \" href=\"https:\/\/caep.ro\/work-and-travel\/cum-sa-treci-interviul-de-angajare\">READ MORE<\/a>\n        <\/div>\n\n      \n    <\/div>\n\n\n\n    <div style=\"box-sizing:border-box;\" class=\"grid grid_4 percentage nicdark_padding10 nicdark_masonry_item  ghid \">\n      \n\n        <div class=\"nicdark_textevidence nicdark_bg_yellow\">\n            <h4 class=\"white nicdark_margin20\">REZERVAREA BILETULUI DE AVION<\/h4>\n        <\/div>\n        <div class=\"nicdark_featured_image\"><img decoding=\"async\" alt=\"\" src=\"https:\/\/caep.ro\/work-and-travel\/wp-content\/uploads\/2016\/05\/airline-ticket_work_and_travel.jpg\"><\/div>\n        <div class=\"nicdark_focus nicdark_border_grey nicdark_sizing nicdark_padding20\">\n            <p>Un punct important din programul Work And Travel este zborul \u00een SUA iar pentru aceasta trebuie s\u0103 vii la oficiul CAEP<\/p>\n            <div class=\"nicdark_space20\"><\/div>\n            <a class=\"nicdark_btn nicdark_press nicdark_bg_yellow white medium  \" href=\"https:\/\/caep.ro\/work-and-travel\/work-and-travel-bilet-avion\">READ MORE<\/a>\n        <\/div>\n\n      \n    <\/div>\n\n\n\n    <div style=\"box-sizing:border-box;\" class=\"grid grid_4 percentage nicdark_padding10 nicdark_masonry_item  ghid \">\n      \n\n        <div class=\"nicdark_textevidence nicdark_bg_blue\">\n            <h4 class=\"white nicdark_margin20\">PREGATIREA INTERVIULUI DE VIZ\u0102<\/h4>\n        <\/div>\n        <div class=\"nicdark_featured_image\"><img decoding=\"async\" alt=\"\" src=\"https:\/\/caep.ro\/work-and-travel\/wp-content\/uploads\/2016\/05\/visa_work_and_travel.jpg\"><\/div>\n        <div class=\"nicdark_focus nicdark_border_grey nicdark_sizing nicdark_padding20\">\n            <p>Deoarece aventura american\u0103 este imposibil\u0103 f\u0103r\u0103 a avea un JOB, dar \u00eem primul r\u00e2nd f\u0103r\u0103 viza J1, noi am hot\u0103r\u00e2t s\u0103 te ajut\u0103m s\u0103 \u00eenve\u0163i<\/p>\n            <div class=\"nicdark_space20\"><\/div>\n            <a class=\"nicdark_btn nicdark_press nicdark_bg_blue white medium  \" href=\"https:\/\/caep.ro\/work-and-travel\/7-2\">READ MORE<\/a>\n        <\/div>\n\n      \n    <\/div>\n\n\n\n    <div style=\"box-sizing:border-box;\" class=\"grid grid_4 percentage nicdark_padding10 nicdark_masonry_item  ghid \">\n      \n\n        <div class=\"nicdark_textevidence nicdark_bg_green\">\n            <h4 class=\"white nicdark_margin20\">BILETUL DE AVION C\u0102TRE AMERICA<\/h4>\n        <\/div>\n        <div class=\"nicdark_featured_image\"><img decoding=\"async\" alt=\"\" src=\"https:\/\/caep.ro\/work-and-travel\/wp-content\/uploads\/2017\/02\/new-york-city-2-1-1200x898.jpg\"><\/div>\n        <div class=\"nicdark_focus nicdark_border_grey nicdark_sizing nicdark_padding20\">\n            <p>Ce Informa\u021bie con\u021bine un bilet: Compania aeriana, numarul zborului, ruta zborului, ora decol\u0103rii \u015fi ateriz\u0103rii \u00een aeroport, aeroportul<\/p>\n            <div class=\"nicdark_space20\"><\/div>\n            <a class=\"nicdark_btn nicdark_press nicdark_bg_green white medium  \" href=\"https:\/\/caep.ro\/work-and-travel\/biletul-de-avion\">READ MORE<\/a>\n        <\/div>\n\n      \n    <\/div>\n\n\n\n    <div style=\"box-sizing:border-box;\" class=\"grid grid_4 percentage nicdark_padding10 nicdark_masonry_item  ghid \">\n      \n\n        <div class=\"nicdark_textevidence nicdark_bg_violet\">\n            <h4 class=\"white nicdark_margin20\">COMAND\u0102 SIMUL LYCA AND T MOBILE<\/h4>\n        <\/div>\n        <div class=\"nicdark_featured_image\"><img decoding=\"async\" alt=\"\" src=\"https:\/\/caep.ro\/work-and-travel\/wp-content\/uploads\/2016\/05\/DISH-and-T-Mobile-to-merge-1200x951.jpg\"><\/div>\n        <div class=\"nicdark_focus nicdark_border_grey nicdark_sizing nicdark_padding20\">\n            <p>Apeluri nelimitate \u00een USA | nelimitat SMS | 6 GB internet 5G + *nelimitat | $ 5 credit. La doar $ 29!<\/p>\n            <div class=\"nicdark_space20\"><\/div>\n            <a class=\"nicdark_btn nicdark_press nicdark_bg_violet white medium  \" href=\"https:\/\/caep.ro\/work-and-travel\/cartela-sim-cu-numar-de-america\">READ MORE<\/a>\n        <\/div>\n\n      \n    <\/div>\n\n\n\n    <div style=\"box-sizing:border-box;\" class=\"grid grid_4 percentage nicdark_padding10 nicdark_masonry_item  ghid \">\n      \n\n        <div class=\"nicdark_textevidence nicdark_bg_red\">\n            <h4 class=\"white nicdark_margin20\">E\u0218TI \u00ceN AMERICA, URMEAZ\u0102 ACE\u0218TI PA\u0218I<\/h4>\n        <\/div>\n        <div class=\"nicdark_featured_image\"><img decoding=\"async\" alt=\"\" src=\"https:\/\/caep.ro\/work-and-travel\/wp-content\/uploads\/2016\/05\/steps.jpg\"><\/div>\n        <div class=\"nicdark_focus nicdark_border_grey nicdark_sizing nicdark_padding20\">\n            <p>Te a\u0219teapt\u0103 o var\u0103 plin\u0103 de provoc\u0103ri, experien\u021be de neuitat, multe responsabilit\u0103\u021bi \u0219i timp suficient \u00een care po\u021bi s\u0103 investe\u0219ti \u00een tine \u0219i<\/p>\n            <div class=\"nicdark_space20\"><\/div>\n            <a class=\"nicdark_btn nicdark_press nicdark_bg_red white medium  \" href=\"https:\/\/caep.ro\/work-and-travel\/9-2\">READ MORE<\/a>\n        <\/div>\n\n      \n    <\/div>\n\n\n\n    <div style=\"box-sizing:border-box;\" class=\"grid grid_4 percentage nicdark_padding10 nicdark_masonry_item  ghid \">\n      \n\n        <div class=\"nicdark_textevidence nicdark_bg_orange\">\n            <h4 class=\"white nicdark_margin20\">SECOND JOB, CE S\u0102 NU LUCREZI<\/h4>\n        <\/div>\n        <div class=\"nicdark_featured_image\"><img decoding=\"async\" alt=\"\" src=\"https:\/\/caep.ro\/work-and-travel\/wp-content\/uploads\/2021\/07\/shop-open-sign-001.jpg\"><\/div>\n        <div class=\"nicdark_focus nicdark_border_grey nicdark_sizing nicdark_padding20\">\n            <p>Scopul Programului Work And Travel este unul cultural \u0219i nu financiar, motiv pentru care obiectivul principal al fiec\u0103rui participant este<\/p>\n            <div class=\"nicdark_space20\"><\/div>\n            <a class=\"nicdark_btn nicdark_press nicdark_bg_orange white medium  \" href=\"https:\/\/caep.ro\/work-and-travel\/second-job-ce-sa-nu-lucrezi\">READ MORE<\/a>\n        <\/div>\n\n      \n    <\/div>\n\n\n\n    <div style=\"box-sizing:border-box;\" class=\"grid grid_4 percentage nicdark_padding10 nicdark_masonry_item  ghid \">\n      \n\n        <div class=\"nicdark_textevidence nicdark_bg_yellow\">\n            <h4 class=\"white nicdark_margin20\">CONFIRMAREA BILETULUI DE AVION<\/h4>\n        <\/div>\n        <div class=\"nicdark_featured_image\"><img decoding=\"async\" alt=\"\" src=\"https:\/\/caep.ro\/work-and-travel\/wp-content\/uploads\/2017\/02\/image02-6-1200x901.jpg\"><\/div>\n        <div class=\"nicdark_focus nicdark_border_grey nicdark_sizing nicdark_padding20\">\n            <p>Confirm\u0103 biletul de avion la \u00eentoarcere! Cu 3 s\u0103pt\u0103m\u00eeni \u00eenainte de data zborului de \u00eentoarcere \u00een Rom\u00e2nia, contacteaz\u0103 Managerul<\/p>\n            <div class=\"nicdark_space20\"><\/div>\n            <a class=\"nicdark_btn nicdark_press nicdark_bg_yellow white medium  \" href=\"https:\/\/caep.ro\/work-and-travel\/confirmare-bilet-avion\">READ MORE<\/a>\n        <\/div>\n\n      \n    <\/div>\n\n\n\n    <div style=\"box-sizing:border-box;\" class=\"grid grid_4 percentage nicdark_padding10 nicdark_masonry_item  ghid \">\n      \n\n        <div class=\"nicdark_textevidence nicdark_bg_blue\">\n            <h4 class=\"white nicdark_margin20\">TAX REFUND, DETALII IMPORTANTE<\/h4>\n        <\/div>\n        <div class=\"nicdark_featured_image\"><img decoding=\"async\" alt=\"\" src=\"https:\/\/caep.ro\/work-and-travel\/wp-content\/uploads\/2017\/02\/Tax-Form-with-Refund-Check-and-Cash.jpg\"><\/div>\n        <div class=\"nicdark_focus nicdark_border_grey nicdark_sizing nicdark_padding20\">\n            <p>To\u0163i participan\u021bii programului Work And Travel au obliga\u021bia de a depune actele necesare pentru recuperarea taxelor achitate \u00een<\/p>\n            <div class=\"nicdark_space20\"><\/div>\n            <a class=\"nicdark_btn nicdark_press nicdark_bg_blue white medium  \" href=\"https:\/\/caep.ro\/work-and-travel\/tax-refund-detalii\">READ MORE<\/a>\n        <\/div>\n\n      \n    <\/div>\n\n\n\n    <div style=\"box-sizing:border-box;\" class=\"grid grid_4 percentage nicdark_padding10 nicdark_masonry_item  ghid \">\n      \n\n        <div class=\"nicdark_textevidence nicdark_bg_orange\">\n            <h4 class=\"white nicdark_margin20\">AGREEMENT NOT SIGNED<\/h4>\n        <\/div>\n        \n        <div class=\"nicdark_focus nicdark_border_grey nicdark_sizing nicdark_padding20\">\n            <p>[vc_row][vc_column][vc_column_text] Thank you for sending us your document. We have received it and will be sending you the agreement to sign electronically shortly. Please check your email within the next 24 hours. We appreciate your patience and understanding. Have a nice day! [\/vc_column_text][\/vc_column][\/vc_row]<\/p>\n            <div class=\"nicdark_space20\"><\/div>\n            <a class=\"nicdark_btn nicdark_press nicdark_bg_orange white medium  \" href=\"https:\/\/caep.ro\/work-and-travel\/agreement-not-signed\">READ MORE<\/a>\n        <\/div>\n\n      \n    <\/div>\n\n<\/div>[\/vc_column][\/vc_row][vc_row][vc_column][vc_empty_space height=&#8221;40px&#8221;][\/vc_column][\/vc_row]<\/p>\n<\/section>","protected":false},"excerpt":{"rendered":"<p>[vc_row][vc_column][vc_empty_space height=&#8221;40px&#8221;][\/vc_column][\/vc_row][vc_row][vc_column][vc_empty_space height=&#8221;40px&#8221;][\/vc_column][\/vc_row]<\/p>\n","protected":false},"author":2,"featured_media":45537,"parent":0,"menu_order":0,"comment_status":"closed","ping_status":"closed","template":"","meta":{"footnotes":""},"class_list":["post-42560","page","type-page","status-publish","has-post-thumbnail","hentry"],"_links":{"self":[{"href":"https:\/\/caep.ro\/work-and-travel\/wp-json\/wp\/v2\/pages\/42560","targetHints":{"allow":["GET"]}}],"collection":[{"href":"https:\/\/caep.ro\/work-and-travel\/wp-json\/wp\/v2\/pages"}],"about":[{"href":"https:\/\/caep.ro\/work-and-travel\/wp-json\/wp\/v2\/types\/page"}],"author":[{"embeddable":true,"href":"https:\/\/caep.ro\/work-and-travel\/wp-json\/wp\/v2\/users\/2"}],"replies":[{"embeddable":true,"href":"https:\/\/caep.ro\/work-and-travel\/wp-json\/wp\/v2\/comments?post=42560"}],"version-history":[{"count":6,"href":"https:\/\/caep.ro\/work-and-travel\/wp-json\/wp\/v2\/pages\/42560\/revisions"}],"predecessor-version":[{"id":48128,"href":"https:\/\/caep.ro\/work-and-travel\/wp-json\/wp\/v2\/pages\/42560\/revisions\/48128"}],"wp:featuredmedia":[{"embeddable":true,"href":"https:\/\/caep.ro\/work-and-travel\/wp-json\/wp\/v2\/media\/45537"}],"wp:attachment":[{"href":"https:\/\/caep.ro\/work-and-travel\/wp-json\/wp\/v2\/media?parent=42560"}],"curies":[{"name":"wp","href":"https:\/\/api.w.org\/{rel}","templated":true}]}}